to base 4
23321122
What is -11a (base 11) in base 3?
-12021
Convert 43 (base 6) to base 4.
123
What is 1655 (base 16) in base 14?
2125
659a (base 11) to base 7
34236
Convert -113500 (base 6) to base 13.
-4677
What is -133 (base 14) in base 2?
-11110001
-11012110 (base 4) to base 9
-31574
What is -162460 (base 7) in base 9?
-48067
25300 (base 6) to base 3
12012000
62575 (base 9) to base 10
41297
Convert 100001111000 (base 2) to base 11.
16a1
Convert -6297 (base 12) to base 9.
-15687
Convert 1091 (base 10) to base 14.
57d
What is -1079 (base 14) in base 6?
-21111
What is -35128 (base 9) in base 11?
-16675
What is 133106 (base 7) in base 12?
12632
Convert -10143 (base 6) to base 11.
-1026
Convert 1616 (base 7) to base 5.
10100
Convert -6c3 (base 15) to base 13.
-90c
-a42 (base 13) to base 4
-123100
What is 622 (base 15) in base 10?
1382
What is -3451 (base 6) in base 12?
-587
-493 (base 12) to base 7
-2001
What is -b068 (base 13) in base 2?
-101111010111101
19b (base 14) to base 3
110100
47055 (base 9) to base 6
401205
What is 2223 (base 14) in base 12?
3507
Convert -1011010000111 (base 2) to base 15.
-1a97
670 (base 9) to base 16
225
Convert -1001110110001 (base 2) to base 10.
-5041
Convert 21666 (base 11) to base 3.
1121002101
What is -22146 (base 7) in base 5?
-134241
5b0 (base 13) to base 6
4324
Convert 42202 (base 5) to base 14.
1042
1812 (base 9) to base 3
1220102
What is -112002 (base 3) in base 7?
-1052
Convert -1006 (base 14) to base 9.
-3685
-124020 (base 7) to base 2
-101100111010011
What is 24390 (base 11) in base 8?
104374
-11750 (base 9) to base 15
-251c
What is -20325 (base 7) in base 16?
-1368
Convert -31127 (base 9) to base 16.
-5026
What is -1300 (base 9) in base 8?
-1714
What is -3851 (base 10) in base 13?
-19a3
Convert 15331 (base 6) to base 7.
10204
What is -5984 (base 14) in base 3?
-210101210
What is 160 (base 7) in base 3?
10101
231525 (base 6) to base 14
7341
30210230 (base 4) to base 8
144454
What is -3224 (base 8) in base 16?
-694
-1647 (base 12) to base 13
-1288
What is -111200 (base 3) in base 15?
-199
What is 211 (base 12) in base 10?
301
-1c4 (base 15) to base 4
-12121
c8a (base 13) to base 16
85e
Convert 453 (base 15) to base 7.
2565
-1576 (base 10) to base 4
-120220
21311 (base 4) to base 9
768
-2527 (base 10) to base 2
-100111011111
Convert 64c (base 14) to base 12.
878
What is -2c1 (base 13) in base 12?
-353
What is -301121 (base 4) in base 15?
-e0b
What is -563 (base 15) in base 11?
-a08
-10232 (base 5) to base 3
-221122
Convert 73 (base 16) to base 3.
11021
Convert -163 (base 16) to base 11.
-2a3
Convert -102101201 (base 3) to base 16.
-2074
What is 10212220111 (base 3) in base 6?
1350021
Convert -9776 (base 14) to base 8.
-63074
Convert 754 (base 13) to base 10.
1252
Convert -1022 (base 6) to base 16.
-e6
Convert -263 (base 15) to base 9.
-663
What is 4350 (base 6) in base 14?
518
13546 (base 11) to base 13
8a1a
What is -1230 (base 5) in base 15?
-ca
What is 24767 (base 13) in base 14?
1a6a6
Convert 103022 (base 5) to base 2.
110110111000
36f (base 16) to base 8
1557
Convert -22110122 (base 3) to base 4.
-1200131
Convert 31433 (base 8) to base 16.
331b
What is 5807 (base 11) in base 13?
361c
What is 588a5 (base 11) in base 7?
502425
550423 (base 6) to base 2
1011000111001111
-531054 (base 6) to base 3
-2012000021
Convert -719 (base 15) to base 2.
-11000111111
Convert 220222001 (base 3) to base 12.
a647
Convert 2603 (base 8) to base 7.
4054
What is -404 (base 5) in base 13?
-80
1001 (base 9) to base 11
604
What is a6 (base 16) in base 6?
434
What is 537 (base 8) in base 15?
186
What is 13c (base 16) in base 6?
1244
What is -20423 (base 6) in base 14?
-1007
What is -4a1 (base 14) in base 7?
-2461
-2132 (base 8) to base 15
-4e4
What is 100101100100 (base 2) in base 11?
1896
What is 1011001000111 (base 2) in base 8?
13107
What is -16f1 (base 16) in base 5?
-141443
What is 153 (base 15) in base 16?
12f
Convert -101001010000000 (base 2) to base 15.
-63d0
What is -3372 (base 9) in base 11?
-1969
Convert -11022 (base 6) to base 16.
-5f6
What is bca (base 14) in base 16?
91e
4014 (base 6) to base 10
874
What is -2160 (base 10) in base 9?
-2860
Convert -5446 (base 7) to base 12.
-1161
Convert 4a1b (base 15) to base 11.
10942
What is -3088 (base 13) in base 3?
-100012021
What is -101000011010000 (base 2) in base 10?
-20688
Convert 116111 (base 7) to base 9.
32222
-1664 (base 7) to base 3
-221022
Convert -1241 (base 5) to base 4.
-3010
Convert -3213 (base 13) to base 7.
-26151
What is -5301 (base 6) in base 11?
-991
Convert -5155 (base 6) to base 15.
-51b
1021 (base 4) to base 8
111
Convert -4074 (base 8) to base 4.
-200330
-2214 (base 11) to base 6
-21303
-534 (base 6) to base 3
-21111
185a (base 12) to base 13
145c
What is 743 (base 13) in base 6?
5422
614 (base 9) to base 12
357
Convert -424 (base 5) to base 12.
-96
What is 97 (base 10) in base 7?
166
What is 6350 (base 8) in base 12?
1ab4
What is -442140 (base 7) in base 13?
-2941b
36561 (base 8) to base 11
108aa
-1ac (base 14) to base 11
-297
What is 15a8 (base 16) in base 14?
2040
Convert -11102 (base 3) to base 4.
-1313
-3301 (base 6) to base 10
-757
Convert 17875 (base 14) to base 8.
163637
202210011 (base 3) to base 15
4751
4bc (base 15) to base 5
13302
What is -2233 (base 7) in base 8?
-1450
What is -2423 (base 5) in base 15?
-193
10100101111101 (base 2) to base 8
24575
-4543 (base 11) to base 9
-8170
What is 172 (base 11) in base 13?
125
Convert 10010010110111 (base 2) to base 11.
7075
What is 1205 (base 9) in base 13?
53c
Convert -433 (base 6) to base 15.
-b0
-65c1 (base 16) to base 12
-130a9
-1100 (base 14) to base 5
-43230
Convert -1111200022 (base 3) to base 7.
-152312
-10b1 (base 13) to base 3
-10012201
What is -5515 (base 11) in base 16?
-1c6c
-773 (base 12) to base 5
-13340
4546 (base 11) to base 15
1b89
Convert -201000 (base 3) to base 5.
-4023
What is 24021 (base 7) in base 5?
144224
What is 11669 (base 12) in base 5?
1222114
What is 14d (base 16) in base 6?
1313
Convert 1111001000111 (base 2) to base 4.
1321013
Convert 11011000111101 (base 2) to base 16.
363d
What is -128 (base 9) in base 12?
-8b
What is -23057 (base 8) in base 12?
-57a7
Convert -12222010 (base 3) to base 8.
-10376
13140 (base 5) to base 9
1381
What is -131032 (base 4) in base 10?
-1870
What is -6531 (base 7) in base 9?
-3163
What is 62105 (base 7) in base 3?
202202222
Convert -233021 (base 5) to base 15.
-27c6
-4441 (base 5) to base 3
-212000
Convert 6383 (base 13) to base 4.
3113210
Convert -dfe0 (base 16) to base 6.
-1121200
Convert 101100101111101 (base 2) to base 6.
254021
-3340 (base 5) to base 15
-215
188 (base 10) to base 13
116
Convert -1202101 (base 3) to base 12.
-8a7
What is -10a (base 15) in base 8?
-353
Convert 2b7 (base 15) to base 11.
516
What is -1517 (base 13) in base 4?
-233312
Convert 21d9 (base 16) to base 11.
6568
-2331021 (base 4) to base 14
-45a9
Convert 105 (base 13) to base 4.
2232
What is -12100000 (base 3) in base 14?
-15ba
-9 (base 10) to base 12
-9
-20450 (base 8) to base 11
-6417
-1121214 (base 5) to base 7
-112563
Convert -35134 (base 6) to base 14.
-1b90
Convert 305 (base 11) to base 3.
111122
-1324 (base 12) to base 2
-100010001100
What is -5484 (base 11) in base 2?
-1110000111111
-8 (base 16) to base 8
-10
Convert -11240 (base 7) to base 9.
-3838
104415 (base 6) to base 3
110001202
-7516 (base 9) to base 14
-2027
Convert -3425 (base 15) to base 3.
-120011122
65 (base 12) to base 6
205
What is -101011100 (base 2) in base 8?
-534
-1a1 (base 11) to base 15
-107
-435 (base 13) to base 10
-720
Convert -a22 (base 12) to base 3.
-2000022
-2010120 (base 3) to base 5
-22204
Convert 10010111100010 (base 2) to base 14.
376a
What is 1020013 (base 4) in base 5?
121430
-2132011 (base 4) to base 7
-41332
Convert -402044 (base 6) to base 10.
-31564
76663 (base 8) to base 6
404551
531 (base 14) to base 13
609
What is 22120 (base 3) in base 11?
1a0
Convert 1126 (base 9) to base 5.
11314
What is -112044 (base 5) in base 9?
-5461
474 (base 8) to base 15
161
What is 16354 (base 11) in base 14?
8585
Convert -508 (base 11) to base 16.
-265
Convert 274 (base 12) to base 2.
101111000
What is -10143 (base 5) in base 2?
-1010100001
What is 3119 (base 11) in base 9?
5603
